{"id":110,"date":"2009-08-30T20:16:11","date_gmt":"2009-08-30T19:16:11","guid":{"rendered":"http:\/\/web.vorfrelserskantori.dk\/?page_id=110"},"modified":"2026-08-16T08:10:06","modified_gmt":"2026-08-16T08:10:06","slug":"vaer-med","status":"publish","type":"page","link":"https:\/\/vorfrelserskantori.dk\/index.php\/vaer-med\/","title":{"rendered":"Syng med"},"content":{"rendered":"\n<p class=\"wp-block-paragraph\"><strong>Er du vores nye, dygtige sanger? S\u00e5 har vi nu ledige pladser i soprangruppen.<\/strong><\/p>\n\n\n\n<p class=\"wp-block-paragraph\">Du bliver en del af et kor med ca. 35 tr\u00e6nede sangere i alderen 25 til 65 \u00e5r. Vi \u00f8ver hver mandag kl. 19 \u2013 21.45 i Vor Frelsers Kirkes sogneg\u00e5rd p\u00e5 Christianshavn.<\/p>\n\n\n\n<p class=\"wp-block-paragraph\">Vores repertoire favner bredt fra nordisk a capella over moderne uropf\u00f8relser til de helt store klassiske oratorier og samarbejder med anerkendte musikere og solister. Vi holder 6-8 \u00e5rlige koncerter, prim\u00e6rt i vores \u201chjemkirke\u201d. <a href=\"\/index.php\/om-koret\/\" data-type=\"link\" data-id=\"\/index.php\/om-koret\/\">L\u00e6s mere om koret<\/a><\/p>\n\n\n\n<p class=\"wp-block-paragraph\"><\/p>\n\n\n\n<p class=\"wp-block-paragraph\">Udover at synge elsker vi at hygge os sammen \u2013 gerne over en \u00f8l\/vand efter korpr\u00f8ven, men ogs\u00e5 p\u00e5 korweekender, til vores to \u00e5rlige fester og p\u00e5 vores udlandsrejser. Vi rejser id i verden cirka hvert andet \u00e5r &#8211; i for\u00e5ret 2026 gik turen til Berlin, mens tidligere rejsem\u00e5l de senere \u00e5r har v\u00e6ret Oslo, Makedonien, Paris og Madrid.<\/p>\n\n\n\n<figure class=\"wp-block-gallery has-nested-images columns-default is-cropped wp-block-gallery-1 is-layout-flex wp-block-gallery-is-layout-flex\">\n<figure class=\"wp-block-image size-large\"><img loading=\"lazy\" decoding=\"async\" width=\"1024\" height=\"683\" data-id=\"2668\" src=\"https:\/\/vorfrelserskantori.dk\/wp-content\/uploads\/2026\/08\/legatuddeling_001_DSC_9846-1024x683.jpg\" alt=\"\" class=\"wp-image-2668\" srcset=\"https:\/\/vorfrelserskantori.dk\/wp-content\/uploads\/2026\/08\/legatuddeling_001_DSC_9846-1024x683.jpg 1024w, https:\/\/vorfrelserskantori.dk\/wp-content\/uploads\/2026\/08\/legatuddeling_001_DSC_9846-300x200.jpg 300w, https:\/\/vorfrelserskantori.dk\/wp-content\/uploads\/2026\/08\/legatuddeling_001_DSC_9846-768x512.jpg 768w, https:\/\/vorfrelserskantori.dk\/wp-content\/uploads\/2026\/08\/legatuddeling_001_DSC_9846-1536x1024.jpg 1536w, https:\/\/vorfrelserskantori.dk\/wp-content\/uploads\/2026\/08\/legatuddeling_001_DSC_9846-2048x1365.jpg 2048w\" sizes=\"auto, (max-width: 767px) 89vw, (max-width: 1000px) 54vw, (max-width: 1071px) 543px, 580px\" \/><\/figure>\n\n\n\n<figure class=\"wp-block-image size-large\"><img loading=\"lazy\" decoding=\"async\" width=\"1024\" height=\"683\" data-id=\"2669\" src=\"https:\/\/vorfrelserskantori.dk\/wp-content\/uploads\/2026\/08\/legatuddeling_005_DSC_9858-1024x683.jpg\" alt=\"\" class=\"wp-image-2669\" srcset=\"https:\/\/vorfrelserskantori.dk\/wp-content\/uploads\/2026\/08\/legatuddeling_005_DSC_9858-1024x683.jpg 1024w, https:\/\/vorfrelserskantori.dk\/wp-content\/uploads\/2026\/08\/legatuddeling_005_DSC_9858-300x200.jpg 300w, https:\/\/vorfrelserskantori.dk\/wp-content\/uploads\/2026\/08\/legatuddeling_005_DSC_9858-768x512.jpg 768w, https:\/\/vorfrelserskantori.dk\/wp-content\/uploads\/2026\/08\/legatuddeling_005_DSC_9858-1536x1024.jpg 1536w, https:\/\/vorfrelserskantori.dk\/wp-content\/uploads\/2026\/08\/legatuddeling_005_DSC_9858-2048x1365.jpg 2048w\" sizes=\"auto, (max-width: 767px) 89vw, (max-width: 1000px) 54vw, (max-width: 1071px) 543px, 580px\" \/><\/figure>\n<\/figure>\n\n\n\n<p class=\"wp-block-paragraph\"><strong>S\u00e5dan kommer du med<\/strong><br><\/p>\n\n\n\n<p class=\"wp-block-paragraph\">Hvis du har lyst til at v\u00e6re en del af kantoriet, s\u00e5 send en mail til formand Trine Wulf-Andersen p\u00e5 <a fgid=\"66052\" href=\"mailto:syngikor@gmail.com\">syngikor@gmail.com<\/a>.&nbsp;<\/p>\n\n\n\n<p class=\"wp-block-paragraph\">Skriv&nbsp;hvilken stemmegruppe du tilh\u00f8rer og gerne lidt om dine erfaringer med kor. Oplys dit telefonnummer og e-mail, s\u00e5 skriver vi tilbage til dig, hvor vi aftaler, hvorn\u00e5r du skal komme til foresyngning.<\/p>\n\n\n\n<figure class=\"wp-block-gallery has-nested-images columns-default is-cropped wp-block-gallery-2 is-layout-flex wp-block-gallery-is-layout-flex\">\n<figure class=\"wp-block-image size-large\"><img loading=\"lazy\" decoding=\"async\" width=\"1024\" height=\"683\" data-id=\"2670\" src=\"https:\/\/vorfrelserskantori.dk\/wp-content\/uploads\/2026\/08\/legatuddeling_102_DSC_0338-1-1024x683.jpg\" alt=\"\" class=\"wp-image-2670\" srcset=\"https:\/\/vorfrelserskantori.dk\/wp-content\/uploads\/2026\/08\/legatuddeling_102_DSC_0338-1-1024x683.jpg 1024w, https:\/\/vorfrelserskantori.dk\/wp-content\/uploads\/2026\/08\/legatuddeling_102_DSC_0338-1-300x200.jpg 300w, https:\/\/vorfrelserskantori.dk\/wp-content\/uploads\/2026\/08\/legatuddeling_102_DSC_0338-1-768x512.jpg 768w, https:\/\/vorfrelserskantori.dk\/wp-content\/uploads\/2026\/08\/legatuddeling_102_DSC_0338-1-1536x1024.jpg 1536w, https:\/\/vorfrelserskantori.dk\/wp-content\/uploads\/2026\/08\/legatuddeling_102_DSC_0338-1-2048x1365.jpg 2048w\" sizes=\"auto, (max-width: 767px) 89vw, (max-width: 1000px) 54vw, (max-width: 1071px) 543px, 580px\" \/><\/figure>\n\n\n\n<figure class=\"wp-block-image size-large\"><img loading=\"lazy\" decoding=\"async\" width=\"1024\" height=\"683\" data-id=\"2671\" src=\"https:\/\/vorfrelserskantori.dk\/wp-content\/uploads\/2026\/08\/legatuddeling_106_DSC_0354-1024x683.jpg\" alt=\"\" class=\"wp-image-2671\" srcset=\"https:\/\/vorfrelserskantori.dk\/wp-content\/uploads\/2026\/08\/legatuddeling_106_DSC_0354-1024x683.jpg 1024w, https:\/\/vorfrelserskantori.dk\/wp-content\/uploads\/2026\/08\/legatuddeling_106_DSC_0354-300x200.jpg 300w, https:\/\/vorfrelserskantori.dk\/wp-content\/uploads\/2026\/08\/legatuddeling_106_DSC_0354-768x512.jpg 768w, https:\/\/vorfrelserskantori.dk\/wp-content\/uploads\/2026\/08\/legatuddeling_106_DSC_0354-1536x1024.jpg 1536w, https:\/\/vorfrelserskantori.dk\/wp-content\/uploads\/2026\/08\/legatuddeling_106_DSC_0354-2048x1365.jpg 2048w\" sizes=\"auto, (max-width: 767px) 89vw, (max-width: 1000px) 54vw, (max-width: 1071px) 543px, 580px\" \/><\/figure>\n<\/figure>\n","protected":false},"excerpt":{"rendered":"<p>Er du vores nye, dygtige sanger? S\u00e5 har vi nu ledige pladser i soprangruppen. Du bliver en del af et kor med ca. 35 tr\u00e6nede sangere i alderen 25 til 65 \u00e5r. Vi \u00f8ver hver mandag kl. 19 \u2013 21.45 i Vor Frelsers Kirkes sogneg\u00e5rd p\u00e5 Christianshavn. Vores repertoire favner bredt fra nordisk a capella &hellip; <\/p>\n<p class=\"link-more\"><a href=\"https:\/\/vorfrelserskantori.dk\/index.php\/vaer-med\/\" class=\"more-link\">L\u00e6s videre<span class=\"screen-reader-text\"> &#8220;Syng med&#8221;<\/span><\/a><\/p>\n","protected":false},"author":1,"featured_media":2644,"parent":0,"menu_order":2,"comment_status":"closed","ping_status":"closed","template":"","meta":{"footnotes":""},"class_list":["post-110","page","type-page","status-publish","has-post-thumbnail","hentry"],"_links":{"self":[{"href":"https:\/\/vorfrelserskantori.dk\/index.php\/wp-json\/wp\/v2\/pages\/110","targetHints":{"allow":["GET"]}}],"collection":[{"href":"https:\/\/vorfrelserskantori.dk\/index.php\/wp-json\/wp\/v2\/pages"}],"about":[{"href":"https:\/\/vorfrelserskantori.dk\/index.php\/wp-json\/wp\/v2\/types\/page"}],"author":[{"embeddable":true,"href":"https:\/\/vorfrelserskantori.dk\/index.php\/wp-json\/wp\/v2\/users\/1"}],"replies":[{"embeddable":true,"href":"https:\/\/vorfrelserskantori.dk\/index.php\/wp-json\/wp\/v2\/comments?post=110"}],"version-history":[{"count":13,"href":"https:\/\/vorfrelserskantori.dk\/index.php\/wp-json\/wp\/v2\/pages\/110\/revisions"}],"predecessor-version":[{"id":2672,"href":"https:\/\/vorfrelserskantori.dk\/index.php\/wp-json\/wp\/v2\/pages\/110\/revisions\/2672"}],"wp:featuredmedia":[{"embeddable":true,"href":"https:\/\/vorfrelserskantori.dk\/index.php\/wp-json\/wp\/v2\/media\/2644"}],"wp:attachment":[{"href":"https:\/\/vorfrelserskantori.dk\/index.php\/wp-json\/wp\/v2\/media?parent=110"}],"curies":[{"name":"wp","href":"https:\/\/api.w.org\/{rel}","templated":true}]}}

<p class="wp-block-paragraph"><strong>Er du vores nye, dygtige sanger? Så har vi nu ledige pladser i soprangruppen.</strong></p>



<p class="wp-block-paragraph">Du bliver en del af et kor med ca. 35 trænede sangere i alderen 25 til 65 år. Vi øver hver mandag kl. 19 – 21.45 i Vor Frelsers Kirkes sognegård på Christianshavn.</p>



<p class="wp-block-paragraph">Vores repertoire favner bredt fra nordisk a capella over moderne uropførelser til de helt store klassiske oratorier og samarbejder med anerkendte musikere og solister. Vi holder 6-8 årlige koncerter, primært i vores “hjemkirke”. <a href="/index.php/om-koret/" data-type="link" data-id="/index.php/om-koret/">Læs mere om koret</a></p>



<p class="wp-block-paragraph"></p>



<p class="wp-block-paragraph">Udover at synge elsker vi at hygge os sammen – gerne over en øl/vand efter korprøven, men også på korweekender, til vores to årlige fester og på vores udlandsrejser. Vi rejser id i verden cirka hvert andet år &#8211; i foråret 2026 gik turen til Berlin, mens tidligere rejsemål de senere år har været Oslo, Makedonien, Paris og Madrid.</p>



<figure class="wp-block-gallery has-nested-images columns-default is-cropped wp-block-gallery-1 is-layout-flex wp-block-gallery-is-layout-flex">
<figure class="wp-block-image size-large"><img loading="lazy" decoding="async" width="1024" height="683" data-id="2668" src="https://vorfrelserskantori.dk/wp-content/uploads/2026/08/legatuddeling_001_DSC_9846-1024x683.jpg" alt="" class="wp-image-2668" srcset="https://vorfrelserskantori.dk/wp-content/uploads/2026/08/legatuddeling_001_DSC_9846-1024x683.jpg 1024w, https://vorfrelserskantori.dk/wp-content/uploads/2026/08/legatuddeling_001_DSC_9846-300x200.jpg 300w, https://vorfrelserskantori.dk/wp-content/uploads/2026/08/legatuddeling_001_DSC_9846-768x512.jpg 768w, https://vorfrelserskantori.dk/wp-content/uploads/2026/08/legatuddeling_001_DSC_9846-1536x1024.jpg 1536w, https://vorfrelserskantori.dk/wp-content/uploads/2026/08/legatuddeling_001_DSC_9846-2048x1365.jpg 2048w" sizes="auto, (max-width: 767px) 89vw, (max-width: 1000px) 54vw, (max-width: 1071px) 543px, 580px" /></figure>



<figure class="wp-block-image size-large"><img loading="lazy" decoding="async" width="1024" height="683" data-id="2669" src="https://vorfrelserskantori.dk/wp-content/uploads/2026/08/legatuddeling_005_DSC_9858-1024x683.jpg" alt="" class="wp-image-2669" srcset="https://vorfrelserskantori.dk/wp-content/uploads/2026/08/legatuddeling_005_DSC_9858-1024x683.jpg 1024w, https://vorfrelserskantori.dk/wp-content/uploads/2026/08/legatuddeling_005_DSC_9858-300x200.jpg 300w, https://vorfrelserskantori.dk/wp-content/uploads/2026/08/legatuddeling_005_DSC_9858-768x512.jpg 768w, https://vorfrelserskantori.dk/wp-content/uploads/2026/08/legatuddeling_005_DSC_9858-1536x1024.jpg 1536w, https://vorfrelserskantori.dk/wp-content/uploads/2026/08/legatuddeling_005_DSC_9858-2048x1365.jpg 2048w" sizes="auto, (max-width: 767px) 89vw, (max-width: 1000px) 54vw, (max-width: 1071px) 543px, 580px" /></figure>
</figure>



<p class="wp-block-paragraph"><strong>Sådan kommer du med</strong><br></p>



<p class="wp-block-paragraph">Hvis du har lyst til at være en del af kantoriet, så send en mail til formand Trine Wulf-Andersen på <a fgid="66052" href="mailto:syngikor@gmail.com">syngikor@gmail.com</a>.&nbsp;</p>



<p class="wp-block-paragraph">Skriv&nbsp;hvilken stemmegruppe du tilhører og gerne lidt om dine erfaringer med kor. Oplys dit telefonnummer og e-mail, så skriver vi tilbage til dig, hvor vi aftaler, hvornår du skal komme til foresyngning.</p>



<figure class="wp-block-gallery has-nested-images columns-default is-cropped wp-block-gallery-2 is-layout-flex wp-block-gallery-is-layout-flex">
<figure class="wp-block-image size-large"><img loading="lazy" decoding="async" width="1024" height="683" data-id="2670" src="https://vorfrelserskantori.dk/wp-content/uploads/2026/08/legatuddeling_102_DSC_0338-1-1024x683.jpg" alt="" class="wp-image-2670" srcset="https://vorfrelserskantori.dk/wp-content/uploads/2026/08/legatuddeling_102_DSC_0338-1-1024x683.jpg 1024w, https://vorfrelserskantori.dk/wp-content/uploads/2026/08/legatuddeling_102_DSC_0338-1-300x200.jpg 300w, https://vorfrelserskantori.dk/wp-content/uploads/2026/08/legatuddeling_102_DSC_0338-1-768x512.jpg 768w, https://vorfrelserskantori.dk/wp-content/uploads/2026/08/legatuddeling_102_DSC_0338-1-1536x1024.jpg 1536w, https://vorfrelserskantori.dk/wp-content/uploads/2026/08/legatuddeling_102_DSC_0338-1-2048x1365.jpg 2048w" sizes="auto, (max-width: 767px) 89vw, (max-width: 1000px) 54vw, (max-width: 1071px) 543px, 580px" /></figure>



<figure class="wp-block-image size-large"><img loading="lazy" decoding="async" width="1024" height="683" data-id="2671" src="https://vorfrelserskantori.dk/wp-content/uploads/2026/08/legatuddeling_106_DSC_0354-1024x683.jpg" alt="" class="wp-image-2671" srcset="https://vorfrelserskantori.dk/wp-content/uploads/2026/08/legatuddeling_106_DSC_0354-1024x683.jpg 1024w, https://vorfrelserskantori.dk/wp-content/uploads/2026/08/legatuddeling_106_DSC_0354-300x200.jpg 300w, https://vorfrelserskantori.dk/wp-content/uploads/2026/08/legatuddeling_106_DSC_0354-768x512.jpg 768w, https://vorfrelserskantori.dk/wp-content/uploads/2026/08/legatuddeling_106_DSC_0354-1536x1024.jpg 1536w, https://vorfrelserskantori.dk/wp-content/uploads/2026/08/legatuddeling_106_DSC_0354-2048x1365.jpg 2048w" sizes="auto, (max-width: 767px) 89vw, (max-width: 1000px) 54vw, (max-width: 1071px) 543px, 580px" /></figure>
</figure>

<p>Er du vores nye, dygtige sanger? Så har vi nu ledige pladser i soprangruppen. Du bliver en del af et kor med ca. 35 trænede sangere i alderen 25 til 65 år. Vi øver hver mandag kl. 19 – 21.45 i Vor Frelsers Kirkes sognegård på Christianshavn. Vores repertoire favner bredt fra nordisk a capella &hellip; </p>
<p class="link-more"><a href="https://vorfrelserskantori.dk/index.php/vaer-med/" class="more-link">Læs videre<span class="screen-reader-text"> &#8220;Syng med&#8221;</span></a></p>
