{"id":110,"date":"2009-08-30T20:16:11","date_gmt":"2009-08-30T19:16:11","guid":{"rendered":"http:\/\/web.vorfrelserskantori.dk\/?page_id=110"},"modified":"2025-06-17T13:29:47","modified_gmt":"2025-06-17T13:29:47","slug":"vaer-med","status":"publish","type":"page","link":"https:\/\/vorfrelserskantori.dk\/index.php\/vaer-med\/","title":{"rendered":"Syng med"},"content":{"rendered":"\n<p><strong>Er du vores nye, dygtige sanger? S\u00e5 har vi nu ledige pladser i stemmegrupperne tenor og bas.<\/strong><\/p>\n\n\n\n<p>Du bliver en del af et kor med ca. 40 tr\u00e6nede sangere i alderen 25 til 55 \u00e5r.  Vi \u00f8ver hver mandag kl. 19 \u2013 21.45 i Vor Frelsers Kirkes sogneg\u00e5rd p\u00e5 Christianshavn. <\/p>\n\n\n\n<p>Vores repertoire favner bredt fra nordisk a capella over moderne uropf\u00f8relser til de helt store klassiske oratorier og samarbejder med anerkendte musikere og solister. Vores dygtige dirigent Lars S\u00f8mod Jensen er organist ved Vor Frelsers Kirke og en erfaren korleder og komponist. Vi holder 6-8 \u00e5rlige koncerter, prim\u00e6rt i vores \u201chjemkirke\u201d. <a href=\"\/index.php\/om-koret\/\" data-type=\"link\" data-id=\"\/index.php\/om-koret\/\">L\u00e6s mere om koret<\/a><\/p>\n\n\n\n<p><\/p>\n\n\n\n<p>Udover at synge elsker vi at hygge os sammen \u2013 gerne over en \u00f8l\/vand efter korpr\u00f8ven, men ogs\u00e5 p\u00e5 korweekender, til vores fester og p\u00e5 vores udlandsrejser. Vi rejser udenlands cirka hvert andet \u00e5r &#8211; i april 2024 gik turen til  Madrid, mens tidligere rejsem\u00e5l de senere \u00e5r har v\u00e6ret Oslo, Makedonien og Paris. <\/p>\n\n\n\n<p><\/p>\n\n\n\n<p><strong>S\u00e5dan kommer du med<\/strong><br> Der er optagelsespr\u00f8ve cirka to gange om \u00e5ret, med optag efter behov.<\/p>\n\n\n\n<p>Hvis du er interesseret s\u00e5 send en mail til formand Trine Wulf-Andersen p\u00e5 <a fgid=\"66052\" href=\"mailto:syngikor@gmail.com\">syngikor@gmail. com<\/a>.&nbsp;<\/p>\n\n\n\n<p>Skriv&nbsp;hvilken stemmegruppe du tilh\u00f8rer og gerne lidt om dine erfaringer med kor. Oplys dit telefonnummer og\/eller e-mail, s\u00e5 vil du blive kontaktet.<\/p>\n","protected":false},"excerpt":{"rendered":"<p>Er du vores nye, dygtige sanger? S\u00e5 har vi nu ledige pladser i stemmegrupperne tenor og bas. Du bliver en del af et kor med ca. 40 tr\u00e6nede sangere i alderen 25 til 55 \u00e5r. Vi \u00f8ver hver mandag kl. 19 \u2013 21.45 i Vor Frelsers Kirkes sogneg\u00e5rd p\u00e5 Christianshavn. Vores repertoire favner bredt fra &hellip; <\/p>\n<p class=\"link-more\"><a href=\"https:\/\/vorfrelserskantori.dk\/index.php\/vaer-med\/\" class=\"more-link\">L\u00e6s videre<span class=\"screen-reader-text\"> &#8220;Syng med&#8221;<\/span><\/a><\/p>\n","protected":false},"author":1,"featured_media":0,"parent":0,"menu_order":2,"comment_status":"closed","ping_status":"closed","template":"","meta":{"footnotes":""},"class_list":["post-110","page","type-page","status-publish","hentry"],"_links":{"self":[{"href":"https:\/\/vorfrelserskantori.dk\/index.php\/wp-json\/wp\/v2\/pages\/110","targetHints":{"allow":["GET"]}}],"collection":[{"href":"https:\/\/vorfrelserskantori.dk\/index.php\/wp-json\/wp\/v2\/pages"}],"about":[{"href":"https:\/\/vorfrelserskantori.dk\/index.php\/wp-json\/wp\/v2\/types\/page"}],"author":[{"embeddable":true,"href":"https:\/\/vorfrelserskantori.dk\/index.php\/wp-json\/wp\/v2\/users\/1"}],"replies":[{"embeddable":true,"href":"https:\/\/vorfrelserskantori.dk\/index.php\/wp-json\/wp\/v2\/comments?post=110"}],"version-history":[{"count":9,"href":"https:\/\/vorfrelserskantori.dk\/index.php\/wp-json\/wp\/v2\/pages\/110\/revisions"}],"predecessor-version":[{"id":2509,"href":"https:\/\/vorfrelserskantori.dk\/index.php\/wp-json\/wp\/v2\/pages\/110\/revisions\/2509"}],"wp:attachment":[{"href":"https:\/\/vorfrelserskantori.dk\/index.php\/wp-json\/wp\/v2\/media?parent=110"}],"curies":[{"name":"wp","href":"https:\/\/api.w.org\/{rel}","templated":true}]}}