{"id":2430,"date":"2024-09-27T10:22:39","date_gmt":"2024-09-27T10:22:39","guid":{"rendered":"https:\/\/vorfrelserskantori.dk\/?page_id=2430"},"modified":"2026-09-05T07:27:54","modified_gmt":"2026-09-05T07:27:54","slug":"seneste-indlaeg","status":"publish","type":"page","link":"https:\/\/vorfrelserskantori.dk\/","title":{"rendered":"Seneste indl\u00e6g"},"content":{"rendered":"<ul class=\"wp-block-latest-posts__list has-dates wp-block-latest-posts is-layout-flow wp-block-latest-posts-is-layout-flow\"><li><div class=\"wp-block-latest-posts__featured-image\"><img loading=\"lazy\" decoding=\"async\" width=\"525\" height=\"350\" src=\"https:\/\/vorfrelserskantori.dk\/wp-content\/uploads\/2026\/08\/legatuddeling_006_DSC_9859-1024x683.jpg\" class=\"attachment-large size-large wp-post-image\" alt=\"\" style=\"\" srcset=\"https:\/\/vorfrelserskantori.dk\/wp-content\/uploads\/2026\/08\/legatuddeling_006_DSC_9859-1024x683.jpg 1024w, https:\/\/vorfrelserskantori.dk\/wp-content\/uploads\/2026\/08\/legatuddeling_006_DSC_9859-300x200.jpg 300w, https:\/\/vorfrelserskantori.dk\/wp-content\/uploads\/2026\/08\/legatuddeling_006_DSC_9859-768x512.jpg 768w, https:\/\/vorfrelserskantori.dk\/wp-content\/uploads\/2026\/08\/legatuddeling_006_DSC_9859-1536x1024.jpg 1536w, https:\/\/vorfrelserskantori.dk\/wp-content\/uploads\/2026\/08\/legatuddeling_006_DSC_9859-2048x1365.jpg 2048w\" sizes=\"auto, 100vw\" \/><\/div><a class=\"wp-block-latest-posts__post-title\" href=\"https:\/\/vorfrelserskantori.dk\/index.php\/2026\/08\/16\/haederslegat-til-kantoriet\/\">H\u00e6derslegat til kantoriet<\/a><time datetime=\"2026-08-16T07:44:01+00:00\" class=\"wp-block-latest-posts__post-date\">16. august 2026<\/time><div class=\"wp-block-latest-posts__post-excerpt\">Vor Frelsers Kantori modtog i denne uge et h\u00e6derslegat p\u00e5 75.000 kr. fra tidligere kirkeminister Mette Madsens Fond. Samtidig fik vores dirigent Lars S\u00f8mod et personligt h\u00e6derslegat. I begrundelsen lagde fonden v\u00e6gt p\u00e5 kantoriets mange\u00e5rige, vedholdende arbejde for at g\u00f8re den klassiske og kirkelige kortradition relevant og levende \u2013 med nyskabende og vedkommende korprojekter. Vi &hellip; <p class=\"link-more\"><a href=\"https:\/\/vorfrelserskantori.dk\/index.php\/2026\/08\/16\/haederslegat-til-kantoriet\/\" class=\"more-link\">L\u00e6s videre<span class=\"screen-reader-text\"> &#8220;H\u00e6derslegat til kantoriet&#8221;<\/span><\/a><\/p><\/div><\/li>\n<li><div class=\"wp-block-latest-posts__featured-image\"><img loading=\"lazy\" decoding=\"async\" width=\"525\" height=\"394\" src=\"https:\/\/vorfrelserskantori.dk\/wp-content\/uploads\/2026\/05\/IMG_6658.jpeg\" class=\"attachment-large size-large wp-post-image\" alt=\"\" style=\"\" srcset=\"https:\/\/vorfrelserskantori.dk\/wp-content\/uploads\/2026\/05\/IMG_6658.jpeg 960w, https:\/\/vorfrelserskantori.dk\/wp-content\/uploads\/2026\/05\/IMG_6658-300x225.jpeg 300w, https:\/\/vorfrelserskantori.dk\/wp-content\/uploads\/2026\/05\/IMG_6658-768x576.jpeg 768w\" sizes=\"auto, 100vw\" \/><\/div><a class=\"wp-block-latest-posts__post-title\" href=\"https:\/\/vorfrelserskantori.dk\/index.php\/2026\/05\/31\/new-nordic-berlin-i-pinsen-2026\/\">New Nordic &#8211; Berlin i pinsen 2026<\/a><time datetime=\"2026-05-31T09:52:32+00:00\" class=\"wp-block-latest-posts__post-date\">31. maj 2026<\/time><div class=\"wp-block-latest-posts__post-excerpt\">Kantoriet er lige vendt hjem fra en fantastisk koncertrejse til Berlin. Vi har sunget koncerter i den danske kirke, den amerikanske kirke, i Kapelle der Vers\u00f6hnung ved Muren og i De Nordiske Ambassaders Felleshus. Programmet havde overskriften &#8220;New Nordic&#8221;: Vi har sunget et repertoire af nordiske komponister, prim\u00e6rt fra de seneste 70 \u00e5r, som rummer &hellip; <p class=\"link-more\"><a href=\"https:\/\/vorfrelserskantori.dk\/index.php\/2026\/05\/31\/new-nordic-berlin-i-pinsen-2026\/\" class=\"more-link\">L\u00e6s videre<span class=\"screen-reader-text\"> &#8220;New Nordic &#8211; Berlin i pinsen 2026&#8221;<\/span><\/a><\/p><\/div><\/li>\n<li><div class=\"wp-block-latest-posts__featured-image\"><img loading=\"lazy\" decoding=\"async\" width=\"525\" height=\"787\" src=\"https:\/\/vorfrelserskantori.dk\/wp-content\/uploads\/2026\/05\/Requiem-Paaske-2025-683x1024.jpg\" class=\"attachment-large size-large wp-post-image\" alt=\"\" style=\"\" srcset=\"https:\/\/vorfrelserskantori.dk\/wp-content\/uploads\/2026\/05\/Requiem-Paaske-2025-683x1024.jpg 683w, https:\/\/vorfrelserskantori.dk\/wp-content\/uploads\/2026\/05\/Requiem-Paaske-2025-200x300.jpg 200w, https:\/\/vorfrelserskantori.dk\/wp-content\/uploads\/2026\/05\/Requiem-Paaske-2025-768x1152.jpg 768w, https:\/\/vorfrelserskantori.dk\/wp-content\/uploads\/2026\/05\/Requiem-Paaske-2025-1024x1536.jpg 1024w, https:\/\/vorfrelserskantori.dk\/wp-content\/uploads\/2026\/05\/Requiem-Paaske-2025-1365x2048.jpg 1365w, https:\/\/vorfrelserskantori.dk\/wp-content\/uploads\/2026\/05\/Requiem-Paaske-2025-scaled.jpg 1707w\" sizes=\"auto, 100vw\" \/><\/div><a class=\"wp-block-latest-posts__post-title\" href=\"https:\/\/vorfrelserskantori.dk\/index.php\/2026\/01\/20\/album-udgivelse-requiem-en-sang-om-tab-og-tro\/\">Album udgivelse: Requiem \u2013 en sang om tab og tro<\/a><time datetime=\"2026-01-20T09:21:00+00:00\" class=\"wp-block-latest-posts__post-date\">20. januar 2026<\/time><div class=\"wp-block-latest-posts__post-excerpt\">Der er visse v\u00e6rker, der kommer s\u00e6rligt under huden p\u00e5 os. Lars S\u00f8mods\u00a0Requiem\u00a0\u2013 en sang om tab og tro\u00a0er m\u00e5ske d\u00e9t v\u00e6rk, der st\u00e5r Kantoriet allern\u00e6rmest. Fordi Lars S\u00f8mods musik og Ingrid Mejer Jensens tekster er vedkommende og gribende. Fordi den personlige historie bag v\u00e6rket kommer t\u00e6t p\u00e5 os, der ikke bare er Lars\u2019 kor, &hellip; <p class=\"link-more\"><a href=\"https:\/\/vorfrelserskantori.dk\/index.php\/2026\/01\/20\/album-udgivelse-requiem-en-sang-om-tab-og-tro\/\" class=\"more-link\">L\u00e6s videre<span class=\"screen-reader-text\"> &#8220;Album udgivelse: Requiem \u2013 en sang om tab og tro&#8221;<\/span><\/a><\/p><\/div><\/li>\n<\/ul>\n\n\n<div class=\"wp-block-buttons is-layout-flex wp-block-buttons-is-layout-flex\">\n<div class=\"wp-block-button\"><a class=\"wp-block-button__link wp-element-button\" href=\"https:\/\/vorfrelserskantori.dk\/index.php\/nyheder\/\">Se alle indl\u00e6g<\/a><\/div>\n<\/div>\n\n\n\n<p class=\"wp-block-paragraph\"><\/p>\n","protected":false},"excerpt":{"rendered":"","protected":false},"author":13,"featured_media":0,"parent":0,"menu_order":0,"comment_status":"closed","ping_status":"closed","template":"","meta":{"footnotes":""},"class_list":["post-2430","page","type-page","status-publish","hentry"],"_links":{"self":[{"href":"https:\/\/vorfrelserskantori.dk\/index.php\/wp-json\/wp\/v2\/pages\/2430","targetHints":{"allow":["GET"]}}],"collection":[{"href":"https:\/\/vorfrelserskantori.dk\/index.php\/wp-json\/wp\/v2\/pages"}],"about":[{"href":"https:\/\/vorfrelserskantori.dk\/index.php\/wp-json\/wp\/v2\/types\/page"}],"author":[{"embeddable":true,"href":"https:\/\/vorfrelserskantori.dk\/index.php\/wp-json\/wp\/v2\/users\/13"}],"replies":[{"embeddable":true,"href":"https:\/\/vorfrelserskantori.dk\/index.php\/wp-json\/wp\/v2\/comments?post=2430"}],"version-history":[{"count":17,"href":"https:\/\/vorfrelserskantori.dk\/index.php\/wp-json\/wp\/v2\/pages\/2430\/revisions"}],"predecessor-version":[{"id":2722,"href":"https:\/\/vorfrelserskantori.dk\/index.php\/wp-json\/wp\/v2\/pages\/2430\/revisions\/2722"}],"wp:attachment":[{"href":"https:\/\/vorfrelserskantori.dk\/index.php\/wp-json\/wp\/v2\/media?parent=2430"}],"curies":[{"name":"wp","href":"https:\/\/api.w.org\/{rel}","templated":true}]}}

Seneste indlæg

<ul class="wp-block-latest-posts__list has-dates wp-block-latest-posts is-layout-flow wp-block-latest-posts-is-layout-flow"><li><div class="wp-block-latest-posts__featured-image"><img loading="lazy" decoding="async" width="525" height="350" src="https://vorfrelserskantori.dk/wp-content/uploads/2026/08/legatuddeling_006_DSC_9859-1024x683.jpg" class="attachment-large size-large wp-post-image" alt="" style="" srcset="https://vorfrelserskantori.dk/wp-content/uploads/2026/08/legatuddeling_006_DSC_9859-1024x683.jpg 1024w, https://vorfrelserskantori.dk/wp-content/uploads/2026/08/legatuddeling_006_DSC_9859-300x200.jpg 300w, https://vorfrelserskantori.dk/wp-content/uploads/2026/08/legatuddeling_006_DSC_9859-768x512.jpg 768w, https://vorfrelserskantori.dk/wp-content/uploads/2026/08/legatuddeling_006_DSC_9859-1536x1024.jpg 1536w, https://vorfrelserskantori.dk/wp-content/uploads/2026/08/legatuddeling_006_DSC_9859-2048x1365.jpg 2048w" sizes="auto, 100vw" /></div><a class="wp-block-latest-posts__post-title" href="https://vorfrelserskantori.dk/index.php/2026/08/16/haederslegat-til-kantoriet/">Hæderslegat til kantoriet</a><time datetime="2026-08-16T07:44:01+00:00" class="wp-block-latest-posts__post-date">16. august 2026</time><div class="wp-block-latest-posts__post-excerpt">Vor Frelsers Kantori modtog i denne uge et hæderslegat på 75.000 kr. fra tidligere kirkeminister Mette Madsens Fond. Samtidig fik vores dirigent Lars Sømod et personligt hæderslegat. I begrundelsen lagde fonden vægt på kantoriets mangeårige, vedholdende arbejde for at gøre den klassiske og kirkelige kortradition relevant og levende – med nyskabende og vedkommende korprojekter. Vi &hellip; <p class="link-more"><a href="https://vorfrelserskantori.dk/index.php/2026/08/16/haederslegat-til-kantoriet/" class="more-link">Læs videre<span class="screen-reader-text"> &#8220;Hæderslegat til kantoriet&#8221;</span></a></p></div></li>
<li><div class="wp-block-latest-posts__featured-image"><img loading="lazy" decoding="async" width="525" height="394" src="https://vorfrelserskantori.dk/wp-content/uploads/2026/05/IMG_6658.jpeg" class="attachment-large size-large wp-post-image" alt="" style="" srcset="https://vorfrelserskantori.dk/wp-content/uploads/2026/05/IMG_6658.jpeg 960w, https://vorfrelserskantori.dk/wp-content/uploads/2026/05/IMG_6658-300x225.jpeg 300w, https://vorfrelserskantori.dk/wp-content/uploads/2026/05/IMG_6658-768x576.jpeg 768w" sizes="auto, 100vw" /></div><a class="wp-block-latest-posts__post-title" href="https://vorfrelserskantori.dk/index.php/2026/05/31/new-nordic-berlin-i-pinsen-2026/">New Nordic &#8211; Berlin i pinsen 2026</a><time datetime="2026-05-31T09:52:32+00:00" class="wp-block-latest-posts__post-date">31. maj 2026</time><div class="wp-block-latest-posts__post-excerpt">Kantoriet er lige vendt hjem fra en fantastisk koncertrejse til Berlin. Vi har sunget koncerter i den danske kirke, den amerikanske kirke, i Kapelle der Versöhnung ved Muren og i De Nordiske Ambassaders Felleshus. Programmet havde overskriften &#8220;New Nordic&#8221;: Vi har sunget et repertoire af nordiske komponister, primært fra de seneste 70 år, som rummer &hellip; <p class="link-more"><a href="https://vorfrelserskantori.dk/index.php/2026/05/31/new-nordic-berlin-i-pinsen-2026/" class="more-link">Læs videre<span class="screen-reader-text"> &#8220;New Nordic &#8211; Berlin i pinsen 2026&#8221;</span></a></p></div></li>
<li><div class="wp-block-latest-posts__featured-image"><img loading="lazy" decoding="async" width="525" height="787" src="https://vorfrelserskantori.dk/wp-content/uploads/2026/05/Requiem-Paaske-2025-683x1024.jpg" class="attachment-large size-large wp-post-image" alt="" style="" srcset="https://vorfrelserskantori.dk/wp-content/uploads/2026/05/Requiem-Paaske-2025-683x1024.jpg 683w, https://vorfrelserskantori.dk/wp-content/uploads/2026/05/Requiem-Paaske-2025-200x300.jpg 200w, https://vorfrelserskantori.dk/wp-content/uploads/2026/05/Requiem-Paaske-2025-768x1152.jpg 768w, https://vorfrelserskantori.dk/wp-content/uploads/2026/05/Requiem-Paaske-2025-1024x1536.jpg 1024w, https://vorfrelserskantori.dk/wp-content/uploads/2026/05/Requiem-Paaske-2025-1365x2048.jpg 1365w, https://vorfrelserskantori.dk/wp-content/uploads/2026/05/Requiem-Paaske-2025-scaled.jpg 1707w" sizes="auto, 100vw" /></div><a class="wp-block-latest-posts__post-title" href="https://vorfrelserskantori.dk/index.php/2026/01/20/album-udgivelse-requiem-en-sang-om-tab-og-tro/">Album udgivelse: Requiem – en sang om tab og tro</a><time datetime="2026-01-20T09:21:00+00:00" class="wp-block-latest-posts__post-date">20. januar 2026</time><div class="wp-block-latest-posts__post-excerpt">Der er visse værker, der kommer særligt under huden på os. Lars Sømods Requiem – en sang om tab og tro er måske dét værk, der står Kantoriet allernærmest. Fordi Lars Sømods musik og Ingrid Mejer Jensens tekster er vedkommende og gribende. Fordi den personlige historie bag værket kommer tæt på os, der ikke bare er Lars’ kor, &hellip; <p class="link-more"><a href="https://vorfrelserskantori.dk/index.php/2026/01/20/album-udgivelse-requiem-en-sang-om-tab-og-tro/" class="more-link">Læs videre<span class="screen-reader-text"> &#8220;Album udgivelse: Requiem – en sang om tab og tro&#8221;</span></a></p></div></li>
</ul>


<div class="wp-block-buttons is-layout-flex wp-block-buttons-is-layout-flex">
<div class="wp-block-button"><a class="wp-block-button__link wp-element-button" href="https://vorfrelserskantori.dk/index.php/nyheder/">Se alle indlæg</a></div>
</div>



<p class="wp-block-paragraph"></p>
