{"id":7,"date":"2009-05-21T22:25:56","date_gmt":"2009-05-21T21:25:56","guid":{"rendered":"http:\/\/vorfrelserskantori.wordpress.com\/?page_id=7"},"modified":"2026-08-01T13:49:32","modified_gmt":"2026-08-01T13:49:32","slug":"om-koret","status":"publish","type":"page","link":"https:\/\/vorfrelserskantori.dk\/index.php\/om-koret\/","title":{"rendered":"Om Kantoriet"},"content":{"rendered":"\n<div class=\"wp-block-columns is-layout-flex wp-container-core-columns-is-layout-8f761849 wp-block-columns-is-layout-flex\">\n<div class=\"wp-block-column is-layout-flow wp-block-column-is-layout-flow\">\n<p class=\"wp-block-paragraph\"><em>&#8220;Kantori&#8221; er gammel betegnelse for et kor, der fylder kirkens rum med musik \u2013 b\u00e5de vokalt og instrumentalt. P\u00e5 Bachs tid bet\u00f8d &#8220;kantori&#8221; b\u00e5de et kor, et orkester af korister og en skole for nye korister.<\/em><\/p>\n\n\n\n<p class=\"wp-block-paragraph\">Vor Frelsers Kantori er Vor Frelsers Kirkes koncertkor. <\/p>\n\n\n\n<p class=\"has-text-align-left wp-block-paragraph\">A cappella repertoiret af prim\u00e6rt dansk, nordisk, europ\u00e6isk og amerikansk kormusik udg\u00f8r korets fundament.  Vi synger ogs\u00e5 j\u00e6vnligt store oratorier og messer med orkester og solister &#8211; bl. a. Haydns Skabelsen, Bachs Johannespassion, Rossinis Petite Messe Solenelle, P\u00e4rts Berlinermesse og Requiem af b\u00e5de Durufl\u00e9 og Faur\u00e9.<\/p>\n\n\n\n<p class=\"has-text-align-left wp-block-paragraph\">Vi er glade for at samarbejde med danske komponister om ny kormusik og har bl.a. Lars S\u00f8mods &#8220;Requiem&#8221;, Peter Navarro-Alonsos &#8220;Via Crucis&#8221;, Jacob H\u00f8gsbros &#8220;Guds Fred og Godmorgen&#8221; og Sven Erik Werners &#8220;C\u00e6ciliemesse&#8221; p\u00e5 CV&#8217;et.<\/p>\n\n\n\n<p class=\"has-text-align-left wp-block-paragraph\">Vi kan godt lide at samarbejde med andre sangere, musikere og ensembler; det er b\u00e5de socialt og musikalsk udviklende.<\/p>\n\n\n\n<p class=\"wp-block-paragraph\">Efterh\u00e5nden har kantoriet en fast tradition for at markere Palmes\u00f8ndag og Allehelgen med kormusik i Vor Frelsers Kirke. De 9 L\u00e6sninger til advent og en sommerkoncert i juni m\u00e5ned er ogs\u00e5 sikre i kalenderen. Derudover holder kantoriet \u00e5rligt forskellige koncerter i Vor Frelsers Kirke eller andre danske kirker. Hvert andet \u00e5r <a href=\"https:\/\/vorfrelserskantori.dk\/index.php\/category\/rejser\/\" data-type=\"link\" data-id=\"https:\/\/vorfrelserskantori.dk\/index.php\/category\/rejser\/\">rejser<\/a> vi udenlands med vores musik &#8211; vi har bl.a. v\u00e6ret i England\/Wales og Nordmakedonien, Paris, Bologna, Oslo og Madrid. Senest, i for\u00e5ret 2026, gik turen til Berlin.<\/p>\n\n\n\n<p class=\"has-text-align-left wp-block-paragraph\">Kantoriet har h\u00f8rt til i Vor Frelsers Kirke siden 2008 og havde inden da en fortid som Eliaskirkens Kammerkor (1996-2007). I dag\u00a0t\u00e6ller koret ca. 35 aktive sangere \u2013 vores m\u00e5l er et kammerkor p\u00e5 15 sopraner, 10 alter, 10 tenorer og 10 basser. <\/p>\n<\/div>\n<\/div>\n\n\n\n<h2 class=\"wp-block-heading\">Om dirigenten<\/h2>\n\n\n\n<p class=\"has-text-align-left wp-block-paragraph\"><\/p>\n\n\n\n<div class=\"wp-block-media-text is-stacked-on-mobile\"><figure class=\"wp-block-media-text__media\"><img loading=\"lazy\" decoding=\"async\" width=\"960\" height=\"958\" src=\"https:\/\/vorfrelserskantori.dk\/wp-content\/uploads\/2025\/06\/Lars.jpg\" alt=\"\" class=\"wp-image-2518 size-full\" srcset=\"https:\/\/vorfrelserskantori.dk\/wp-content\/uploads\/2025\/06\/Lars.jpg 960w, https:\/\/vorfrelserskantori.dk\/wp-content\/uploads\/2025\/06\/Lars-300x300.jpg 300w, https:\/\/vorfrelserskantori.dk\/wp-content\/uploads\/2025\/06\/Lars-150x150.jpg 150w, https:\/\/vorfrelserskantori.dk\/wp-content\/uploads\/2025\/06\/Lars-768x766.jpg 768w, https:\/\/vorfrelserskantori.dk\/wp-content\/uploads\/2025\/06\/Lars-100x100.jpg 100w\" sizes=\"auto, (max-width: 767px) 89vw, (max-width: 1000px) 54vw, (max-width: 1071px) 543px, 580px\" \/><\/figure><div class=\"wp-block-media-text__content\">\n<p class=\"wp-block-paragraph\"><\/p>\n\n\n\n<p class=\"has-text-align-left wp-block-paragraph\"><strong>Lars S\u00f8mod Jensen<\/strong><br>Organist i Vor Frelsers Kirke, klokkenist, komponist og korleder. Har v\u00e6ret dirigent for Vor Frelsers Kantori siden 2008.<\/p>\n<\/div><\/div>\n\n\n\n<div class=\"wp-block-columns is-layout-flex wp-container-core-columns-is-layout-8f761849 wp-block-columns-is-layout-flex\">\n<div class=\"wp-block-column is-layout-flow wp-block-column-is-layout-flow\"><\/div>\n<\/div>\n","protected":false},"excerpt":{"rendered":"<p>&#8220;Kantori&#8221; er gammel betegnelse for et kor, der fylder kirkens rum med musik \u2013 b\u00e5de vokalt og instrumentalt. P\u00e5 Bachs tid bet\u00f8d &#8220;kantori&#8221; b\u00e5de et kor, et orkester af korister og en skole for nye korister. Vor Frelsers Kantori er Vor Frelsers Kirkes koncertkor. A cappella repertoiret af prim\u00e6rt dansk, nordisk, europ\u00e6isk og amerikansk kormusik &hellip; <\/p>\n<p class=\"link-more\"><a href=\"https:\/\/vorfrelserskantori.dk\/index.php\/om-koret\/\" class=\"more-link\">L\u00e6s videre<span class=\"screen-reader-text\"> &#8220;Om Kantoriet&#8221;<\/span><\/a><\/p>\n","protected":false},"author":1,"featured_media":0,"parent":0,"menu_order":0,"comment_status":"closed","ping_status":"closed","template":"","meta":{"footnotes":""},"class_list":["post-7","page","type-page","status-publish","hentry"],"_links":{"self":[{"href":"https:\/\/vorfrelserskantori.dk\/index.php\/wp-json\/wp\/v2\/pages\/7","targetHints":{"allow":["GET"]}}],"collection":[{"href":"https:\/\/vorfrelserskantori.dk\/index.php\/wp-json\/wp\/v2\/pages"}],"about":[{"href":"https:\/\/vorfrelserskantori.dk\/index.php\/wp-json\/wp\/v2\/types\/page"}],"author":[{"embeddable":true,"href":"https:\/\/vorfrelserskantori.dk\/index.php\/wp-json\/wp\/v2\/users\/1"}],"replies":[{"embeddable":true,"href":"https:\/\/vorfrelserskantori.dk\/index.php\/wp-json\/wp\/v2\/comments?post=7"}],"version-history":[{"count":19,"href":"https:\/\/vorfrelserskantori.dk\/index.php\/wp-json\/wp\/v2\/pages\/7\/revisions"}],"predecessor-version":[{"id":2635,"href":"https:\/\/vorfrelserskantori.dk\/index.php\/wp-json\/wp\/v2\/pages\/7\/revisions\/2635"}],"wp:attachment":[{"href":"https:\/\/vorfrelserskantori.dk\/index.php\/wp-json\/wp\/v2\/media?parent=7"}],"curies":[{"name":"wp","href":"https:\/\/api.w.org\/{rel}","templated":true}]}}

<div class="wp-block-columns is-layout-flex wp-container-core-columns-is-layout-8f761849 wp-block-columns-is-layout-flex">
<div class="wp-block-column is-layout-flow wp-block-column-is-layout-flow">
<p class="wp-block-paragraph"><em>&#8220;Kantori&#8221; er gammel betegnelse for et kor, der fylder kirkens rum med musik – både vokalt og instrumentalt. På Bachs tid betød &#8220;kantori&#8221; både et kor, et orkester af korister og en skole for nye korister.</em></p>



<p class="wp-block-paragraph">Vor Frelsers Kantori er Vor Frelsers Kirkes koncertkor. </p>



<p class="has-text-align-left wp-block-paragraph">A cappella repertoiret af primært dansk, nordisk, europæisk og amerikansk kormusik udgør korets fundament.  Vi synger også jævnligt store oratorier og messer med orkester og solister &#8211; bl. a. Haydns Skabelsen, Bachs Johannespassion, Rossinis Petite Messe Solenelle, Pärts Berlinermesse og Requiem af både Duruflé og Fauré.</p>



<p class="has-text-align-left wp-block-paragraph">Vi er glade for at samarbejde med danske komponister om ny kormusik og har bl.a. Lars Sømods &#8220;Requiem&#8221;, Peter Navarro-Alonsos &#8220;Via Crucis&#8221;, Jacob Høgsbros &#8220;Guds Fred og Godmorgen&#8221; og Sven Erik Werners &#8220;Cæciliemesse&#8221; på CV&#8217;et.</p>



<p class="has-text-align-left wp-block-paragraph">Vi kan godt lide at samarbejde med andre sangere, musikere og ensembler; det er både socialt og musikalsk udviklende.</p>



<p class="wp-block-paragraph">Efterhånden har kantoriet en fast tradition for at markere Palmesøndag og Allehelgen med kormusik i Vor Frelsers Kirke. De 9 Læsninger til advent og en sommerkoncert i juni måned er også sikre i kalenderen. Derudover holder kantoriet årligt forskellige koncerter i Vor Frelsers Kirke eller andre danske kirker. Hvert andet år <a href="https://vorfrelserskantori.dk/index.php/category/rejser/" data-type="link" data-id="https://vorfrelserskantori.dk/index.php/category/rejser/">rejser</a> vi udenlands med vores musik &#8211; vi har bl.a. været i England/Wales og Nordmakedonien, Paris, Bologna, Oslo og Madrid. Senest, i foråret 2026, gik turen til Berlin.</p>



<p class="has-text-align-left wp-block-paragraph">Kantoriet har hørt til i Vor Frelsers Kirke siden 2008 og havde inden da en fortid som Eliaskirkens Kammerkor (1996-2007). I dag tæller koret ca. 35 aktive sangere – vores mål er et kammerkor på 15 sopraner, 10 alter, 10 tenorer og 10 basser. </p>
</div>
</div>



<h2 class="wp-block-heading">Om dirigenten</h2>



<p class="has-text-align-left wp-block-paragraph"></p>



<div class="wp-block-media-text is-stacked-on-mobile"><figure class="wp-block-media-text__media"><img loading="lazy" decoding="async" width="960" height="958" src="https://vorfrelserskantori.dk/wp-content/uploads/2025/06/Lars.jpg" alt="" class="wp-image-2518 size-full" srcset="https://vorfrelserskantori.dk/wp-content/uploads/2025/06/Lars.jpg 960w, https://vorfrelserskantori.dk/wp-content/uploads/2025/06/Lars-300x300.jpg 300w, https://vorfrelserskantori.dk/wp-content/uploads/2025/06/Lars-150x150.jpg 150w, https://vorfrelserskantori.dk/wp-content/uploads/2025/06/Lars-768x766.jpg 768w, https://vorfrelserskantori.dk/wp-content/uploads/2025/06/Lars-100x100.jpg 100w" sizes="auto, (max-width: 767px) 89vw, (max-width: 1000px) 54vw, (max-width: 1071px) 543px, 580px" /></figure><div class="wp-block-media-text__content">
<p class="wp-block-paragraph"></p>



<p class="has-text-align-left wp-block-paragraph"><strong>Lars Sømod Jensen</strong><br>Organist i Vor Frelsers Kirke, klokkenist, komponist og korleder. Har været dirigent for Vor Frelsers Kantori siden 2008.</p>
</div></div>



<div class="wp-block-columns is-layout-flex wp-container-core-columns-is-layout-8f761849 wp-block-columns-is-layout-flex">
<div class="wp-block-column is-layout-flow wp-block-column-is-layout-flow"></div>
</div>

<p>&#8220;Kantori&#8221; er gammel betegnelse for et kor, der fylder kirkens rum med musik – både vokalt og instrumentalt. På Bachs tid betød &#8220;kantori&#8221; både et kor, et orkester af korister og en skole for nye korister. Vor Frelsers Kantori er Vor Frelsers Kirkes koncertkor. A cappella repertoiret af primært dansk, nordisk, europæisk og amerikansk kormusik &hellip; </p>
<p class="link-more"><a href="https://vorfrelserskantori.dk/index.php/om-koret/" class="more-link">Læs videre<span class="screen-reader-text"> &#8220;Om Kantoriet&#8221;</span></a></p>
